 -m*d - 8 = -3*k. Let s(f) = -2*f - 1. Calculate the remainder when 61 is divided by s(d).
9
Suppose 2*q = 4*q + 178 - 1418. Calculate the remainder when 4343 is divided by q.
3
Let l be (-2)/((-220)/963 - 62/(-279)). Let z = l + -319. What is the remainder when 8 is divided by z?
0
Suppose -2*x = 3*f - 1893, -322*f = -3*x - 318*f + 2865. What is the remainder when x is divided by 18?
15
Suppose 4*n - 2*n = -2*c + 270, -4*n - 3*c + 544 = 0. Calculate the remainder when n is divided by 111.
28
Let o = 3219 + -3211. Let n be -3*(0 - 26/1). Suppose 0 = 4*a + 2 - n. Calculate the remainder when a is divided by o.
3
Suppose 4*b = 8*b - 8. Let d(t) = -t**2 - 4*t + 17. Let p be d(-10). Let z = p + 46. Calculate the remainder when z is divided by b.
1
Calculate the remainder when 9923 is divided by ((2 - -1) + -2)*28*(-1)/(-4).
4
Let x(d) = 2*d**2 - 5*d - 62. Let h(m) = 3*m**2 - 4*m - 74. Let a be h(6). What is the remainder when x(a) is divided by 46?
42
Let p = 17 - 15. Suppose -2*g - 180 = 4*x, 3*x + p*g + 155 = 20. Let u = -34 - x. What is the remainder when u is divided by 7?
4
Let o = 558 + -157. Suppose -5*h + 4*r + o = 0, -4*h + 324 = -2*r - 2*r. Let k(n) = -n + 19. What is the remainder when h is divided by k(9)?
7
Calculate the remainder when (7*(-46)/1932)/(2/(-7464)) is divided by 57.
52
Let g(h) = h**3 - 30*h**2 + 95*h - 252. What is the remainder when g(28) is divided by 820?
20
Let w be (-1)/6 + 27715/(-138). Calculate the remainder when 191 is divided by 10/6 + w/(-9).
23
Let r = 5 + 5. Suppose 11*s = r*s + 5. Let x(k) = -4*k - 84. What is the remainder when s is divided by x(-22)?
1
Let j be 4*((-9)/(-21) - 30/21). Let u be j/((-2)/(-2) - -1) - 2. What is the remainder when (-18)/36 + (-670)/u is divided by 12?
11
Let h(z) = 7*z - 10. Let j be h(-14). Let o = j - -175. Calculate the remainder when 266 is divided by o.
65
Suppose 4*f - 16 = 0, -z + 3*f = -0*f - 687. Calculate the remainder when z is divided by 2.
1
Suppose 46 = 5*k - 44. Let j = k - 7. Let w = 1684 - 1630. What is the remainder when w is divided by j?
10
Suppose -8*c + 24 = -10*c. What is the remainder when (5 + -2 - c) + 4 is divided by 4?
3
Let b(h) = h**2 - 60*h - 598. Calculate the remainder when b(-9) is divided by -2*-17*(-3)/(-6).
6
Suppose 3*o + 2*h - 22 = 0, -3*o - 10 = -2*o + 5*h. What is the remainder when 65 is divided by 102/(-4)*(40/(-6))/o?
14
Let j(p) = -p - 3. Let l be (-6)/21 + 160/(-28). Let c be j(l). Suppose 0 = -3*q + c + 30. What is the remainder when 76 is divided by q?
10
Let n(z) = -z**2 + 12*z - 11. Suppose -20*m - 30 = -23*m. Let f be n(m). Suppose 70 = -f*c + 16*c. Calculate the remainder when 26 is divided by c.
6
Suppose 0 = -4*y - 5*g + 146, 3*g = 3*y + 7*g - 109. Let x(o) = -o**3 + 9*o**2 + 14. Let i = 170 - 161. What is the remainder when y is divided by x(i)?
11
Let z = 181 + -184. What is the remainder when (z - -119)/(1/2) is divided by 39?
37
Let d be (-6)/14 + 8/(392/21). Suppose d = 11*q - 249 - 48. Let x = q + -23. Calculate the remainder when 26 is divided by x.
2
Suppose 1 = -2*a - 181. Let p = a - -107. Calculate the remainder when 78 is divided by p.
14
Suppose -6*f + 59 + 61 = 0. Suppose f*b - 413 = 1487. What is the remainder when b is divided by 18?
5
What is the remainder when 4749/(-18)*(-12)/2 is divided by 24?
23
Suppose -14*r - 1949 = -103*r - 258. Let l(v) = -3*v - 1. Let y be l(3). Calculate the remainder when r is divided by ((-35)/y)/((-1)/(-2)).
5
Calculate the remainder when 0/(-3) - (-1)/3 - (-807)/9 is divided by 30.
0
Let c(z) = -z + 214. Let i = 289 + -248. What is the remainder when c(i) is divided by 44?
41
Let a(q) = 3*q**2 + 3*q - 23. Let v be ((-12)/2)/(2*(-3)/132). Let c = v - 79. What is the remainder when a(6) is divided by c?
50
Calculate the remainder when 808 is divided by (-10)/6 + (-374)/(-66) + 54 + -1.
10
Suppose 17 = 2*v - 21. Calculate the remainder when 51708/3197*(-161)/(-14) is divided by v.
15
Suppose 0*x + 5*x + 5*c = 1095, -2*x = -2*c - 434. Let u = 87 - 14. Calculate the remainder when x is divided by u.
72
Let a = 34790 - 34164. Calculate the remainder when a is divided by 14.
10
Suppose 140*o - 222*o + 8856 = 0. What is the remainder when 2267 is divided by o?
107
Suppose 12 = 3*o, o = -y + 2*y - 19. Suppose s - 85 = 3*n, -2*s + 4*n + 1 + 165 = 0. Calculate the remainder when s is divided by y.
10
Suppose 126 = 3*i - 2*t + 27, 5*t - 132 = -4*i. What is the remainder when (-14195)/(-153) - 8/(-36) is divided by i?
27
Suppose -2079 = -126*s + 11502 + 16281. Calculate the remainder when 258 is divided by s.
21
Suppose 70 = 3*a - 5*w, 3*w + 42 + 3 = 2*a. Calculate the remainder when 9/(-6) - ((-4375)/2)/7 is divided by a.
11
Suppose 6*l - 89 = -137. Calculate the remainder when 161 is divided by (1485/(-108))/(2/l).
51
Suppose -2*s = -3*s + w + 2, 3*s = -4*w + 6. Suppose 82*q - 74*q + 4856 = 0. Let h = -597 - q. What is the remainder when h is divided by s?
0
Suppose 1392908 = 233*n + 477445 - 1174314. Calculate the remainder when n is divided by 46.
45
Let s(k) = -10*k - 66. Let f be s(-6). What is the remainder when 84 is divided by 25/(-75) + (-266)/f?
40
Suppose 0 = 7*f + 1901 - 2622. Calculate the remainder when f is divided by 44.
15
Let q = -33 - 19. Let h = -4 + q. Let y = h - -186. Calculate the remainder when y is divided by 33.
31
Calculate the remainder when 438 is divided by (-45)/(14040/39) + (-1218)/(-16).
58
Let g = -137 - -256. Let u = g + 84. Calculate the remainder when u is divided by 51.
50
Suppose 3*w + 4*n = 667, 4*w + 1191*n - 1196*n - 941 = 0. Suppose 2*c = 5*c - 69. What is the remainder when w is divided by c?
22
Let q be (36 + -38)*(-1 + 2/(-4)). Suppose s - 5*h - 21 = -7, -4*s = -q*h - 56. What is the remainder when 110 is divided by s?
12
Suppose 3*g = -2*g. Suppose -15 = s + 4*r, g*r - r - 3 = s. What is the remainder when 67 is divided by (s + 3)*1*(-34)/(-4)?
33
Suppose 2*h = -5*q - 11, h + 0*q + 10 = -4*q. Suppose 2*p - 17 = -4*a - a, 4*p = -h*a + 42. Calculate the remainder when 62 is divided by p.
7
Let k(n) = n**3 + 36*n**2 + 214*n + 163. Calculate the remainder when k(-28) is divided by 39.
14
Let w = 277 - 271. Let b(k) = k**3 - 5*k**2 - k - 5. Calculate the remainder when 140 is divided by b(w).
15
Let l = 48620 - 34197. What is the remainder when l is divided by 25?
23
Let c(g) = g**3 - 6*g**2 + 12*g - 4. Let a be c(4). Suppose 0 = 7*w - a*w + 355. What is the remainder when w is divided by 6?
5
Let c be (0 + -1 + 1)*1. Suppose c*b = b - 21. Suppose k = x + 2595 - 2639, -170 = -4*x + 3*k. What is the remainder when x is divided by b?
17
Suppose -232 = -3*u + 4*p, 0 = -2*u + 3*p + 153 + 2. Suppose -2*j = -d + 25, 4*d - 14*j - u = -18*j. Calculate the remainder when d is divided by 4.
1
Let q = -18 - -10. Let v be 10/(-25) - q*12/15. Suppose -2*p + 120 = v*p. What is the remainder when 24 is divided by p?
9
Suppose 3*q = 3*s - 189, -4*q - 73 = -2*s + 59. Let w(o) = -16*o + 1. Let y be w(2). Let z = -15 - y. What is the remainder when s is divided by z?
12
Suppose -8*t + 1160 = m, 2*m + 5*t - 1390 = 897. What is the remainder when m is divided by 61?
38
Let y = -43995 - -44283. Calculate the remainder when 14110 is divided by y.
286
Let k be 10/(-35) - 19/7. Calculate the remainder when 73 is divided by (1/k)/(2/(-156)).
21
Let a(t) = 75*t**2 + 4*t - 2. Let l be 9/(-27)*-1*3/1. Calculate the remainder when a(l) is divided by (2/4)/(6/192).
13
Let f = -10 + 25. Let x(i) = -6*i**3 + 3*i + 2. Let u be x(-1). Suppose -u*d + 121 = -9. Calculate the remainder when d is divided by f.
11
Suppose w = -3*v - v + 6, 3*w = -3*v + 9. Calculate the remainder when 70 is divided by ((-34)/(-2))/(v/1) + -2.
10
Suppose 5*a = -3*c + 20790 - 7524, -4*a + 3*c + 10575 = 0. Calculate the remainder when a is divided by 53.
52
Let o be (-13)/((-26)/(-12)) - -19. Suppose -4*y - o = -2*p + 67, 0 = -4*p - 2*y + 110. What is the remainder when 145 is divided by p?
25
Let w be (-7)/((-28)/20) + -7. What is the remainder when (2/3)/((-1715)/(-855) + w) is divided by 9?
6
Let o = -23209 - -23227. Let n be -3 + (-5)/((-5)/4). Let b(p) = 33*p**3 - p**2 + p. Calculate the remainder when b(n) is divided by o.
15
Let g(c) = 58*c - 255. What is the remainder when g(10) is divided 